mon factor of z and 18.
9
Let o be (-11 + 2)/((-1)/41). Let g be -3*88/(-24) - 2. Calculate the highest common factor of o and g.
9
Suppose 14*l + 19*l = 2043 + 2313. Calculate the highest common divisor of l and 1364.
44
Suppose 0 = -2*y - 4*o + 80, 2*y = 29*o - 28*o + 80. Let b be ((-58)/(-87))/((-2)/(-48)). Calculate the greatest common factor of y and b.
8
Suppose -2*b = -274 + 434. Let d = 119 + b. Suppose -185 = -5*h - 5*o, -o = 3*h - 0*o - 115. Calculate the highest common divisor of h and d.
39
Let u(v) = -118*v + 2*v**3 + 129*v - v**2 - 9*v**2 + 16 + 2*v**2. Let b be u(8). What is the highest common factor of 77 and b?
77
Let v = 21100 - 18428. What is the greatest common factor of v and 8?
8
Let q be (84/16 - (-11)/(-44)) + 792. Suppose -1312 - q = -3*g. What is the greatest common divisor of 37 and g?
37
Let i be (7/(14/(-6)))/(-3) - -1. Suppose 18 - 6 = 3*l, 12 = p - i*l. What is the highest common divisor of 100 and p?
20
Let a(i) = 168*i - 1993. Let t be a(12). Calculate the highest common factor of t and 529.
23
Suppose 94*j - 167*j = -2701. What is the highest common divisor of j and 3774?
37
Suppose -5*c = 141 - 141. Suppose c = -16*t + 6430 - 2286. What is the greatest common factor of 7 and t?
7
Suppose -3*h - 3*y = y - 278, -2*y = 2. Suppose 4*z = -4*x + 336, 2*x - 22 = z - h. What is the highest common divisor of 200 and z?
40
Let s(j) = -14*j + 6*j - j**2 + 1 - 3 - 7. Let q be s(-6). Let i(n) = 132*n + 1089. Let d be i(-8). What is the highest common divisor of q and d?
3
Suppose -50*v + 40*v + 5107 + 643 = 0. Let o(p) = p**3 - 3*p**2 + 2*p - 14. Let q be o(5). What is the highest common factor of v and q?
23
Let x be 24/(-2)*(-8)/6. Let h(k) = -15*k**2 - 654*k - 275. Let l be h(-43). What is the highest common divisor of x and l?
16
Suppose 3*l - 3*v = v + 1996, 3*v + 1332 = 2*l. Suppose 4*z - m = 244, 0 = 5*z - m - 492 + 188. Calculate the greatest common divisor of l and z.
60
Suppose -4*i - 2*s + 602 = 0, -2*s = 3*s + 15. What is the highest common factor of i and 80?
8
Let r be 1/(10/(-15) - -5 - 4). Suppose 4*u + 2*l = 74, -2*u - r*l - 7 = -50. What is the highest common factor of u and 102?
17
Let a(b) = 3 - 3 + 3*b**3 + b + 3*b**2 + 1 - 4. Let o be a(-3). Let g be ((-1)/1)/((2 - -3)/o). Calculate the greatest common factor of 12 and g.
12
Let i = 11719 + -8134. Calculate the greatest common factor of i and 15.
15
Let k = -8674 - -8722. Calculate the greatest common divisor of 4476 and k.
12
Let m(v) = -2*v**2 + 8*v - 34. Let g be m(20). Let s = g - -1284. What is the highest common factor of s and 20?
10
Let s(u) = -38*u + 304. Let q be s(-24). Calculate the greatest common divisor of 384 and q.
64
Suppose 0 = 5*w + 571 + 154. Let d be (-14413)/w + (1 - (-14)/(-10)). Calculate the greatest common divisor of d and 9.
9
Suppose -18*x = -4*x - 3136. Let o be ((-2)/2)/(-1)*14. What is the greatest common factor of o and x?
14
Let a = -41 - -106. Let p be (-220)/(-60) - (-4)/(-6). Suppose 3*b = -2*v + a, 2*b - p*b + 145 = 4*v. What is the highest common divisor of v and 37?
37
Let a be 0/(1*(1 - 2)). Let f(m) = -2*m**2 + m**3 + 2*m - 2 + 5*m + a - 4*m. Let n be f(2). Calculate the highest common factor of 4 and n.
4
Let f(o) = 7*o**2 - 7 + 19*o - o**3 + 0*o**3 + 14*o**2 - 19*o**2. Let y be f(-7). Calculate the highest common divisor of y and 86.
43
Suppose -116 + 14 = -17*b. Suppose -b*v = -3*v - 810. Calculate the greatest common factor of v and 54.
54
Suppose u + 3*o - 34 = 0, -15*o - 17 = 5*u - 17*o. Let p be (19/2)/(3/6). What is the highest common divisor of u and p?
1
Let q(t) = -t**2 + 5*t + 1. Let z be q(4). Suppose 9*a + z*a - 98 = 0. Calculate the highest common divisor of a and 56.
7
Let u = 503 + -517. Let t be (5*u/70)/((-1)/13). What is the highest common factor of t and 533?
13
Let g = -2261 + 2267. Calculate the greatest common factor of g and 70.
2
Let v = 5887 + -5663. Calculate the greatest common factor of 266 and v.
14
Let k be -2*(-52)/16*2. Let g(m) = -m**2 - 49*m + 41. Let h be g(-43). What is the greatest common factor of h and k?
13
Let f be (-5)/(-50) - 0 - (15415309/70)/(-13). Calculate the highest common divisor of f and 35.
35
Let y = -6035 + 6343. What is the highest common factor of y and 28?
28
Suppose 15*l = 47*l - 192. Let t = 225 - 129. What is the greatest common divisor of t and l?
6
Let h = 5350 + -5343. Let v be (6/4)/(2/(-24)). Let j = v - -25. What is the highest common factor of h and j?
7
Let c(a) = a + 2. Let h be c(27). Let o be h - 9/((-45)/(-25)). Calculate the greatest common factor of o and 3.
3
Let b = -193 - -522. Suppose -4*i = -2*x - 26, -9*i = -14*i - x + 36. What is the highest common factor of b and i?
7
Let j be (-6 + (-14238)/(-28))/((-3)/(-46)). What is the highest common factor of j and 345?
115
Let d = 11800 - 11794. Calculate the greatest common divisor of d and 1194.
6
Let t(s) = -s**3 + 17*s**2 + 2*s - 10. Let w be t(17). Let r be ((-2)/(-9)*-6)/(w/(-18)). Let o = 22 + -6. Calculate the highest common divisor of o and r.
1
Suppose 0 = -37*s + 33*s + 8. Suppose 3*a + 2*i + s*i = 252, 2*a - 185 = 3*i. Calculate the greatest common factor of 8 and a.
8
Suppose 6*s = 2*s + 8. Suppose -5*z = -s*z. Suppose z = 4*f - 5*j - 12, -3*j + 0*j = 0. Calculate the greatest common factor of 21 and f.
3
Suppose 4*o = -2*i + 44, -o + 2*i + 52 = 3*o. Let v be 1299/27 - (-4)/(-36). What is the greatest common divisor of v and o?
12
Suppose 11 + 7 = 6*p. Suppose x = -p*x + 104. Suppose -x = 5*f - 56. Calculate the greatest common divisor of f and 4.
2
Let i(v) = 6*v**2 + 37*v + 620. Let c be i(-12). Calculate the greatest common divisor of 20 and c.
20
Suppose 19871 - 32316 - 35435 = -56*c. What is the greatest common divisor of c and 1615?
95
Suppose -3*l - 2*h - 947 = 0, 0 = 4*l - h - 4*h + 1255. Let t be (l/180)/((3/16)/(-3)). Calculate the highest common divisor of t and 322.
14
Let w = 119 - -828. Suppose 5*z = -o + w, 2*o + 376 = 2*z + o. Let n = 47919 - 47892. Calculate the greatest common divisor of n and z.
27
Suppose 5*a + 25 = 5*k, -2*a - 17 = -3*k + 2*a. Suppose -3*x + 124 = -4*m, 0 = -k*x + m - 3*m + 100. What is the highest common factor of 252 and x?
36
Suppose -5*y = -5*u - 50 + 175, 0 = 5*u - y - 161. Suppose 5*m = a + 3228, 0 = -4*m + 3*a + 372 + 2206. Calculate the highest common divisor of u and m.
34
Suppose -5*h - 45 + 65 = 0, -h - 104 = 3*j. Let n be ((-63)/j)/((-2)/(-288)). Calculate the highest common divisor of n and 56.
28
Let n(k) be the first derivative of -7*k - 2/3*k**3 + 7 - 9*k**2. Let a be n(-8). What is the greatest common divisor of 18 and a?
9
Suppose -3*i - 2*h + 16 = -56, 0 = -5*i + 2*h + 136. Let c = -148573 + 149275. Calculate the greatest common factor of i and c.
26
Let y = 62 + -42. Suppose 1376 = -y*j + 24*j. What is the greatest common divisor of 8 and j?
8
Let a(x) = 3*x**2 + 81*x + 6. Let p be a(-33). Suppose -2*r = -d + p, -21*r + 20*r + 3044 = 5*d. What is the greatest common factor of d and 32?
32
Let b = -429 + 471. What is the highest common divisor of 16 and b?
2
Suppose -m + w + 2005 = 0, 2*w - 1134 = -4*m + 6868. Calculate the greatest common factor of 715 and m.
143
Suppose 4*d - 5*u = 1082 - 892, 0 = -d - 5*u + 85. Let w be (-6)/(-15) + (-98)/(-5). Calculate the greatest common factor of d and w.
5
Let i be (-3 - 2)*464/20. Let u be (i/3)/(-4) + (-8)/12. What is the greatest common divisor of u and 144?
9
Suppose -8*r = -98 + 42. Let l = 21 + -12. Let h = 19 + l. What is the greatest common factor of r and h?
7
Let h = -142888 + 142901. Let g(m) = 155*m**3 + 1. Let x be g(1). Calculate the highest common divisor of h and x.
13
Suppose 4*p + 3*d - 16 = -0*p, -p = 4*d - 4. Suppose 3*k = -2*n + 44 + 46, 0 = -5*n. Suppose 38 = y - k. Calculate the greatest common factor of p and y.
4
Let o = 23 + -23. Suppose 28 + o = 2*z. Let c = 45 - z. Calculate the greatest common divisor of 31 and c.
31
Suppose 89*m - 60 = 84*m. Suppose -m*n + 4942 = -26. What is the highest common divisor of 46 and n?
46
Suppose s = 3*t + 2, -5*s - t = -5*t - 10. Let g = 147 - s. Suppose 0 = -5*v - 35 + g. Calculate the highest common factor of 88 and v.
22
Let i be 3/9*(0 - -36 - 0). Suppose -5*b + 1 = u - 20, 2*u - 6 = 2*b. Calculate the great